1804210?
True
Does 276 divide 125232288?
False
Is 110489102 a multiple of 1978?
True
Is 36837910 a multiple of 24?
False
Is 341568305 a multiple of 453?
False
Does 359 divide 137061892?
True
Is 16275522 a multiple of 119?
False
Is 141504543 a multiple of 87?
True
Is 8918199 a multiple of 2?
False
Is 90 a factor of 365195790?
True
Is 3781 a factor of 81869993?
True
Does 49 divide 59530290?
False
Is 2340352074 a multiple of 1587?
True
Is 14324327 a multiple of 634?
False
Is 4870895913 a multiple of 17?
True
Is 33 a factor of 750771?
False
Is 1737 a factor of 15622753?
False
Is 110 a factor of 708808628?
False
Does 142 divide 344329836?
True
Is 117 a factor of 3050190?
True
Is 167 a factor of 9131059?
True
Is 5945877 a multiple of 10?
False
Is 12979568 a multiple of 34?
True
Is 6133509 a multiple of 3?
True
Is 247 a factor of 3044476?
False
Does 2986 divide 121016608?
True
Is 15 a factor of 320172489?
False
Is 114673816 a multiple of 1444?
True
Is 58850894 a multiple of 325?
False
Is 76 a factor of 169602865?
False
Does 26 divide 746434?
True
Is 20 a factor of 1497186720?
True
Does 1042 divide 676845723?
False
Is 3256 a factor of 3713468000?
True
Is 775 a factor of 91475575?
True
Is 1902 a factor of 31805244?
True
Is 4165455 a multiple of 24?
False
Is 283387968 a multiple of 93?
False
Is 82 a factor of 1017782?
False
Does 1651 divide 90381935?
False
Is 2376913 a multiple of 77?
True
Is 1177365293 a multiple of 103?
True
Is 2162 a factor of 199789321?
False
Is 16 a factor of 19058370?
False
Is 1987570 a multiple of 2?
True
Is 5 a factor of 114440485?
True
Does 28 divide 4567753?
False
Is 69469875 a multiple of 1029?
False
Is 9 a factor of 286661552?
False
Is 1995 a factor of 974305213?
False
Is 4858103666 a multiple of 22?
False
Is 170 a factor of 27829510?
True
Does 24 divide 1231926120?
True
Is 190745861 a multiple of 1499?
False
Does 86 divide 244727797?
False
Is 258 a factor of 605418672?
True
Is 2125 a factor of 22552869?
False
Is 895 a factor of 22426015?
True
Does 17 divide 86114653?
False
Is 9142700 a multiple of 7?
True
Is 874 a factor of 110044726?
False
Is 935279223 a multiple of 373?
True
Is 10 a factor of 2531625580?
True
Is 19 a factor of 18697303?
False
Is 67 a factor of 42503594?
True
Does 60 divide 91980733?
False
Is 5270536 a multiple of 7?
False
Does 2193 divide 48397317?
True
Is 3961835 a multiple of 296?
False
Is 3 a factor of 22933140?
True
Is 106538596 a multiple of 202?
False
Does 808 divide 21618848?
True
Does 45 divide 52690860?
True
Does 3030 divide 152158640?
False
Is 3834330940 a multiple of 15?
False
Is 5 a factor of 15325878?
False
Does 37 divide 1548154666?
True
Is 785 a factor of 582322609?
False
Is 22918094 a multiple of 3194?
False
Does 4 divide 106652740?
True
Is 276404950 a multiple of 6?
False
Is 12 a factor of 132881784?
True
Is 157857914 a multiple of 109?
False
Does 148 divide 29451648?
False
Does 643 divide 46550404?
False
Does 14 divide 7197527?
False
Does 258 divide 32325920?
False
Does 465 divide 7678080?
True
Is 123586522 a multiple of 62?
True
Is 573 a factor of 228420002?
False
Is 446912286 a multiple of 7109?
False
Is 26 a factor of 37759852?
True
Is 19730743 a multiple of 18?
False
Is 54533550 a multiple of 25?
True
Is 275594156 a multiple of 413?
False
Does 118 divide 154895865?
False
Is 7253819857 a multiple of 857?
False
Does 171 divide 29672946?
True
Is 96 a factor of 383017596?
False
Is 738 a factor of 738485604?
True
Does 85 divide 292259240?
True
Is 2613 a factor of 467375617?
False
Does 2348 divide 624401292?
True
Is 539 a factor of 174349074?
False
Is 2879868 a multiple of 31?
False
Does 36 divide 53694324?
True
Is 63485629 a multiple of 3809?
False
Is 276446675 a multiple of 3475?
True
Does 2941 divide 473783336?
True
Is 314939149 a multiple of 25?
False
Is 505 a factor of 21865627?
False
Is 2158 a factor of 100582222?
True
Does 84 divide 45543876?
True
Does 5 divide 268040042?
False
Does 24 divide 704746368?
True
Is 74 a factor of 56050652?
False
Is 17 a factor of 76573829?
False
Is 28962152 a multiple of 188?
True
Is 296 a factor of 1479771424?
False
Does 248 divide 5889346?
False
Is 145092376 a multiple of 145?
False
Is 3 a factor of 1727621352?
True
Does 22 divide 537732096?
True
Is 27 a factor of 294871123?
False
Is 314 a factor of 178015387?
False
Is 1119976118 a multiple of 5685?
False
Is 13666520 a multiple of 40?
True
Does 26 divide 30956410?
False
Is 9 a factor of 3740634?
True
Is 119 a factor of 28765096?
False
Is 12024840 a multiple of 10?
True
Is 743756938 a multiple of 6194?
True
Is 21448247 a multiple of 1348?
False
Is 5322558842 a multiple of 565?
False
Does 4038 divide 81976446?
False
Does 149 divide 46484424?
True
Does 1759 divide 52770?
True
Is 243 a factor of 98900757?
True
Is 99 a factor of 161274101?
False
Is 1186267 a multiple of 53?
False
Does 136 divide 18560415?
False
Is 504506745 a multiple of 1865?
True
Is 3 a factor of 122249859?
True
Does 183 divide 49499853?
True
Is 195783195 a multiple of 734?
False
Is 23 a factor of 229043683?
True
Is 499070340 a multiple of 60?
True
Is 24 a factor of 114370663?
False
Does 854 divide 16267846?
True
Does 46 divide 65988978?
True
Is 58684626 a multiple of 198?
True
Does 1504 divide 62796993?
False
Does 1080 divide 45021205?
False
Is 1143 a factor of 970190600?
False
Is 264 a factor of 59823456?
True
Does 9 divide 580024491?
False
Is 56814824 a multiple of 29?
False
Is 24 a factor of 299051376?
True
Is 3796 a factor of 116935886?
False
Does 46 divide 5376756?
True
Is 224 a factor of 44696736?
True
Is 11 a factor of 84415086?
False
Is 2 a factor of 8970857?
False
Is 246 a factor of 55089486?
True
Does 3 divide 13768200?
True
Is 193 a factor of 31044436?
True
Is 11733 a factor of 2667204225?
True
Is 36 a factor of 3244765104?
True
Is 657 a factor of 351864234?
True
Is 516734577 a multiple of 53?
True
Is 8719464 a multiple of 3?
True
Is 8 a factor of 61008383?
False
Is 23 a factor of 153338102?
True
Does 317 divide 5255774093?
True
Is 10 a factor of 27577077?
False
Is 121 a factor of 2492083?
False
Is 371319955 a multiple of 79?
False
Does 1381 divide 178695430?
False
Is 9774240 a multiple of 160?
True
Is 253 a factor of 59440326?
True
Does 1997 divide 32938518?
True
Is 32210216 a multiple of 2?
True
Does 46 divide 22950090?
True
Is 9871535 a multiple of 48?
False
Does 383 divide 50843633?
True
Is 204416355 a multiple of 6677?
True
Is 1321199478 a multiple of 257?
True
Does 23 divide 70820380?
False
Is 72 a factor of 2830238?
False
Is 23289912 a multiple of 72?
True
Is 1178 a factor of 198694512?
False
Is 3815482692 a multiple of 477?
False
Is 18 a factor of 1151829?
False
Does 5310 divide 575514874?
False
Is 354 a factor of 422804488?
False
Is 1225 a factor of 121478459?
False
Does 1590 divide 527604930?
True
Is 1036 a factor of 641467180?
False
Is 4 a factor of 8830300?
True
Does 17 divide 552068047?
True
Is 31 a factor of 1292533065?
True
Is 40 a factor of 615962?
False
Is 43 a factor of 236118676?
True
Is 7833076 a multiple of 911?
False
Is 3196 a factor of 1736895898?
False
Is 2357 a factor of 196818928?
True
Does 449 divide 94813983?
True
Is 153 a factor of 45174933?
True
Is 5286 a factor of 1575024616?
False
Is 19 a factor of 6806921?
True
Is 1138 a factor of 233344899?
False
Is 160273696 a multiple of 53?
True
Does 892 divide 134166612?
True
Is 5901868 a multiple of 45?
False
Is 636353518 a multiple of 413?
False
Does 21 divide 35056518?
True
Is 1460008378 a multiple of 44?
False
Is 9 a factor of 605115747?
True
Is 39 a factor of 48260511?
True
Does 4 divide 29564849?
False
Is 226347320 a multiple of 1160?
True
Does 9 divide 217909988?
False
Is 2 a factor of 21479373?
False
Is 173 a factor of 294944151?
False
Does 860 divide 197426560?
False
Does 21 divide 25165350?
True
Does 19 divide 3710664982?
False
Is 14 a factor of 681988571?
False
Is 2581 a factor of 164900090?
True
Is 67 a factor of 609640734?
False
Is 36976944 a multiple of 629?
False
Is 4344 a factor of 385412712?
True
Is 1096929306 a multiple of 2442?
True
Is 125411838 a multiple of 3977?
False
Is 364514604 a multiple of 453?
True
Is 37 a factor of 23800791?
False
Does 50 divide 53940416?
False
Does 100 divide 11737158?
False
Does 59 divide 7883775054?
Tr